135)) is divided by l(6)?
1
Let v = 11 - -105. What is the remainder when v is divided by 105?
11
Let l(a) = 6*a**2 - 24*a - 37. What is the remainder when l(9) is divided by 61?
50
What is the remainder when 174 is divided by (-7 - (-95)/15)*(-261)/1?
0
Let g(b) = -3*b. Let w be g(2). Let c(d) = d**3 + 9*d**2 + 12*d - 3. What is the remainder when c(w) is divided by 9?
6
Let q = -17 - -31. Let z = 15 - -10. What is the remainder when z is divided by q?
11
Let i(q) = 17*q + 1. Let a(k) = -k**2 - 12*k - 9. Calculate the remainder when i(4) is divided by a(-9).
15
Let x = 275 - 270. Let s = -16 - -29. What is the remainder when s is divided by x?
3
Let i(j) = 9*j**3 - 2*j**2 - j + 3. Let n be i(3). Let t = -135 + n. Calculate the remainder when t is divided by (-28)/21*8/192*-9*46.
21
Let p(m) = m**3 + 4*m**2 - 6*m - 14. Let u be p(-4). Suppose -3*y = v + u, y = -2*v - y. What is the remainder when 76 is divided by (-1)/(v/(-130) + 0)?
24
What is the remainder when 370/4 - (-18)/36 is divided by 24?
21
Let x be 5/(5/8) - 0. Let o = 25 - x. Suppose -2*y + o + 1 = -2*s, -2*y - 4*s + 36 = 0. What is the remainder when 47 is divided by y?
11
Suppose 2*j = 4*f + 5 + 5, -3*j = -f - 15. Suppose -w = -j + 2. Let r(i) = 16*i - 2. Calculate the remainder when r(w) is divided by 12.
10
Suppose -4*h - 297 = -5*p, -6*h + 11*h + 234 = 4*p. Calculate the remainder when 132 is divided by p.
10
Let y = 712 + -653. Calculate the remainder when 242 is divided by y.
6
Suppose 5*y - 5 = 15. Let r(a) = 7*a**2 - 2*a + 4. Let t be r(y). Suppose -7*q = -q - t. Calculate the remainder when q is divided by 7.
4
Let n be (3/2)/((4/(-4))/2). What is the remainder when 20 is divided by (-1 + 0)/(n/21)?
6
Suppose 0 = -2*u + 3*z + 28, -3*u = -2*z - 0*z - 32. Calculate the remainder when (3885/28 - 5) + 2/u is divided by 15.
14
Let v = -43 + 60. Let c = v - -10. What is the remainder when c is divided by 6?
3
Suppose -9*a = -610 - 362. Calculate the remainder when 210 is divided by a.
102
Suppose -x - 5*v = 2*x - 187, 5*x - 280 = -2*v. Let m = 111 - 71. What is the remainder when m is divided by (-256)/(-18) + (-12)/x?
12
Let p(b) = -27*b**3 + 3*b**2 - 13*b + 10. Let h(y) = -18*y**3 + 2*y**2 - 9*y + 7. Let f(t) = 7*h(t) - 5*p(t). What is the remainder when 43 is divided by f(1)?
7
Suppose -5 - 4 = 3*r, -x - 3*r = 6. Suppose -q - c + x = -0*c, 3*q - 9 = -5*c. Suppose 2 - 14 = -q*k. Calculate the remainder when k is divided by 3.
1
Let w(h) = 24*h**2 - 2*h + 1. Suppose 7*f + 3 = 10*f. Calculate the remainder when 67 is divided by w(f).
21
Suppose 0 = -0*b + 2*b + 136. Let m = -30 - b. Calculate the remainder when m is divided by 20.
18
Suppose 164*y - 4677 + 3712 = 12319. Suppose -2*m = -3 - 21. What is the remainder when y is divided by m?
9
Let t = -12 - -37. Let z(a) be the first derivative of -a**4/4 - 3*a**3 - 5*a**2/2 + 2*a + 3. Calculate the remainder when z(-9) is divided by t.
22
Calculate the remainder when (1/(-2))/((-12)/216) is divided by 8.
1
Let k = -16 - -8. Let q(m) be the third derivative of m**5/60 + m**4/4 - 5*m**3/3 + 2*m**2. What is the remainder when q(k) is divided by 2?
0
Suppose -10*w + 546 = 11*w. What is the remainder when 309 is divided by w?
23
Suppose 0 = -929*a + 928*a + 88. What is the remainder when 241 is divided by a?
65
Let a = 928 + -909. What is the remainder when 435 is divided by a?
17
Let z(n) = -4*n + 25. Let p be z(5). Suppose p*m - 26 = 9. Calculate the remainder when 20 is divided by m.
6
Let t(i) = 10 + 6 + i + 11. Suppose 3*u = -5*n + 81, 2 = -2*u + 6. Calculate the remainder when t(0) is divided by n.
12
Let q be 2 - 5 - (0 + 6). Let t = -9 - q. Let k = 4 - t. Calculate the remainder when 10 is divided by k.
2
What is the remainder when 3 - 6*(-174)/9 is divided by 15?
14
Let m = -4 + 9. Suppose 0 = -m*k - 21 + 136. What is the remainder when k is divided by 12?
11
Let z(o) = -10*o**2 - o**3 + o - 6*o + 3 - 7*o. Let v be z(-9). Suppose r = 4*r - v. Calculate the remainder when 38 is divided by r.
8
Suppose -n + 0 + 3 = 0. Let a be 2*(n + 1)/4. Suppose a*o - 3*s = -0*s + 61, -5*o = 4*s - 95. What is the remainder when o is divided by 8?
7
Suppose y + 47 = -2*s, 4*y = -4*s + 3*y - 93. Let g = s - -102. What is the remainder when g is divided by 16?
15
Let b(z) = z**3 + 14*z**2 + 14*z + 54. Calculate the remainder when 655 is divided by b(-13).
40
Let m(y) = 2*y - 13*y**2 + 5*y + 12*y**2 - 5. Let b be m(5). Suppose -19 - 101 = -b*n. What is the remainder when n is divided by 13?
11
Suppose -53*r + 108*r = 660. What is the remainder when 281 is divided by r?
5
Let n be (-4)/14 - 3030/(-70). Let j = n - 13. Calculate the remainder when 71 is divided by (-60)/(-25)*j/4.
17
Let s(g) = -g**3 - 5*g**2 + g - 18. Calculate the remainder when 33 is divided by s(-6).
9
Suppose 0 = 3*z, -p + 320 = 4*z - 92. Calculate the remainder when p is divided by 46.
44
Let w(y) = -y - 11. Let v be w(-13). Calculate the remainder when ((-2)/2)/(3/(-36)) is divided by (-264)/(-56) - v/(-7).
2
Let j(a) = 9*a - 37. Let z be j(3). What is the remainder when 18/24*-30*12/z is divided by 15?
12
Suppose -6*a + a + 20 = 0, 4*a - 1032 = -4*z. Calculate the remainder when z is divided by 18.
2
Let a(r) be the first derivative of r**4/24 + 2*r**3 - 2*r**2 - 1. Let v(q) be the second derivative of a(q). What is the remainder when 5 is divided by v(-8)?
1
Calculate the remainder when 345 is divided by (-704)/(-12) + (-4 - 10/(-3)).
55
Suppose 5*h - 5*v - 615 = 0, -23*h + 28*h - 3*v - 621 = 0. What is the remainder when h is divided by 23?
11
Let x = 220 - 179. Suppose 3*j - 113 = 4*f - 607, 4*j = -5*f + 602. Calculate the remainder when f is divided by x.
40
What is the remainder when 215 is divided by 5/(21/(-3) + (-494)/(-52))?
1
Suppose 184*o - 243 = 175*o. Calculate the remainder when 296 is divided by o.
26
Suppose -2*x = -x + q, -5*q = -x + 6. What is the remainder when 34 is divided by 2/x + (-160)/(-16)?
10
Let c = 37 - 25. Let o be ((-5)/(10/(-66)))/1. Let m = o - 0. Calculate the remainder when m is divided by c.
9
Let o(y) = 108*y - 52 + 52. Calculate the remainder when o(1) is divided by 37.
34
Suppose 3*h = 5*k + 281, 4*k - k = 15. Suppose 3*g = 4*l - 0*g - 81, -4*g = l - 25. Calculate the remainder when h is divided by l.
18
Calculate the remainder when (-1327)/(-3) - 0 - 269/807 is divided by 12.
10
Let f(q) = -q**2 + 28*q - 59. What is the remainder when 193 is divided by f(8)?
92
Let f(q) = -q**3 - 30*q**2 + 46*q - 12. What is the remainder when f(-32) is divided by 34?
20
Suppose 9 = -4*v + 57. Let o(k) = k**2 + k - 4. What is the remainder when o(-9) is divided by v?
8
Let b = -8 - -37. Calculate the remainder when (2109/(-228))/((-2)/24) is divided by b.
24
What is the remainder when (1 + 52)*(9 + 3 + -5) is divided by 34?
31
Let j(a) = 12*a + 2*a + 2*a**2 - 3*a**2 - 12. Let p = -16 + 20. Calculate the remainder when p is divided by j(13).
0
Suppose 29*l - 223 = 473. Calculate the remainder when 163 is divided by l.
19
Let s be 0 + 1 - -2 - 0. Let n = -6492 - -6501. What is the remainder when (s + -69)/((-3)/2) is divided by n?
8
Let i(v) = -36*v + 7. Let z be i(4). Let b = 161 + z. Suppose 0 = -p - 2*p + 27. Calculate the remainder when b is divided by p.
6
Let d = 1 + 3. What is the remainder when (-1)/(-5) + ((-88)/(-10) - -4) is divided by d?
1
Let d(x) = -6*x**2 - 38*x + 1. What is the remainder when 80 is divided by d(-5)?
39
Suppose -5*f = -4*v - 19 - 11, -2*f - v + 12 = 0. What is the remainder when 19 is divided by f?
1
Suppose -f - 4*t - 20 = 0, 3*f + 4*t = -t - 25. Suppose 0 = 3*w - 3*s + 12 + 3, f = w - 4*s + 17. Calculate the remainder when 19 is divided by 1 + w - -8 - 3.
4
Let w be -77 - (-6 + -3)/(-3). Let r be (-90)/(-12)*w/12. Let k = r - -94. Calculate the remainder when k is divided by 9.
8
Let o(z) = -24*z + 4. Suppose 4*h = -5*b + 236, -3*b + 142 + 86 = 4*h. What is the remainder when h is divided by o(-1)?
26
Calculate the remainder when 4/(-30) - (7360/(-75))/1 is divided by 20.
18
Suppose -5*k - 3*v + 247 = 0, -2*k - 5*v = -7*v - 86. Calculate the remainder when 144 is divided by k.
3
Let x(j) = -j + 44. What is the remainder when 8 is divided by x(40)?
0
Let z = 16 - 26. Let m = -7 - z. Suppose -7*n - 2*u = -2*n - 8, 0 